{"id":468,"date":"2023-01-23T12:19:10","date_gmt":"2023-01-23T12:19:10","guid":{"rendered":"https:\/\/www.orangerent.fi\/?page_id=468"},"modified":"2024-05-21T15:19:12","modified_gmt":"2024-05-21T15:19:12","slug":"hyvinvointiedut","status":"publish","type":"page","link":"https:\/\/www.orangerent.fi\/index.php\/hyvinvointiedut\/","title":{"rendered":"Hyvinvointiedut"},"content":{"rendered":"\n<h4 class=\"wp-block-heading\">Hyvinvointieduista meill\u00e4 on k\u00e4yt\u00f6ss\u00e4 Epassi, Smartum ja Edenred. <\/h4>\n\n\n\n<h4 class=\"wp-block-heading\"><strong>Muista hy\u00f6dynt\u00e4\u00e4 etusi!<\/strong><\/h4>\n\n\n<figure class=\"wp-block-image size-full is-resized\"><img loading=\"lazy\" decoding=\"async\" width=\"608\" height=\"190\" class=\"wp-image-465\" style=\"width: 130px; height: 41px;\" src=\"https:\/\/www.orangerent.fi\/wp-content\/uploads\/2023\/01\/Epassi-Logo-Primary-Black-RGB.png\" alt=\"epassi orangerent maksutapa\" srcset=\"https:\/\/www.orangerent.fi\/wp-content\/uploads\/2023\/01\/Epassi-Logo-Primary-Black-RGB.png 608w, https:\/\/www.orangerent.fi\/wp-content\/uploads\/2023\/01\/Epassi-Logo-Primary-Black-RGB-300x94.png 300w, https:\/\/www.orangerent.fi\/wp-content\/uploads\/2023\/01\/Epassi-Logo-Primary-Black-RGB-192x60.png 192w\" sizes=\"auto, (max-width: 608px) 100vw, 608px\" \/><\/figure>\n\n\n<figure class=\"wp-block-image size-full is-resized\"><img loading=\"lazy\" decoding=\"async\" width=\"200\" height=\"99\" src=\"https:\/\/www.orangerent.fi\/wp-content\/uploads\/2023\/08\/SmartumPay_meillakay_punainen.png\" alt=\"Meill\u00e4 k\u00e4y smartum\" class=\"wp-image-760\" style=\"width:140px;height:auto\" srcset=\"https:\/\/www.orangerent.fi\/wp-content\/uploads\/2023\/08\/SmartumPay_meillakay_punainen.png 200w, https:\/\/www.orangerent.fi\/wp-content\/uploads\/2023\/08\/SmartumPay_meillakay_punainen-121x60.png 121w\" sizes=\"auto, (max-width: 200px) 100vw, 200px\" \/><\/figure>\n\n\n\n<figure class=\"wp-block-image size-medium is-resized\"><img loading=\"lazy\" decoding=\"async\" width=\"300\" height=\"193\" src=\"https:\/\/www.orangerent.fi\/wp-content\/uploads\/2024\/01\/Edenred_logo_CMYK_red-300x193.webp\" alt=\"\" class=\"wp-image-893\" style=\"width:139px;height:auto\" srcset=\"https:\/\/www.orangerent.fi\/wp-content\/uploads\/2024\/01\/Edenred_logo_CMYK_red-300x193.webp 300w, https:\/\/www.orangerent.fi\/wp-content\/uploads\/2024\/01\/Edenred_logo_CMYK_red-1024x658.webp 1024w, https:\/\/www.orangerent.fi\/wp-content\/uploads\/2024\/01\/Edenred_logo_CMYK_red-768x494.webp 768w, https:\/\/www.orangerent.fi\/wp-content\/uploads\/2024\/01\/Edenred_logo_CMYK_red-1536x987.webp 1536w, https:\/\/www.orangerent.fi\/wp-content\/uploads\/2024\/01\/Edenred_logo_CMYK_red-93x60.webp 93w, https:\/\/www.orangerent.fi\/wp-content\/uploads\/2024\/01\/Edenred_logo_CMYK_red.webp 1722w\" sizes=\"auto, (max-width: 300px) 100vw, 300px\" \/><\/figure>\n","protected":false},"excerpt":{"rendered":"<p>Hyvinvointieduista meill\u00e4 on k\u00e4yt\u00f6ss\u00e4 Epassi, Smartum ja Edenred. Muista hy\u00f6dynt\u00e4\u00e4 etusi!<\/p>\n","protected":false},"author":1,"featured_media":0,"parent":0,"menu_order":0,"comment_status":"closed","ping_status":"closed","template":"","meta":{"footnotes":""},"class_list":["post-468","page","type-page","status-publish","hentry"],"aioseo_notices":[],"_links":{"self":[{"href":"https:\/\/www.orangerent.fi\/index.php\/wp-json\/wp\/v2\/pages\/468","targetHints":{"allow":["GET"]}}],"collection":[{"href":"https:\/\/www.orangerent.fi\/index.php\/wp-json\/wp\/v2\/pages"}],"about":[{"href":"https:\/\/www.orangerent.fi\/index.php\/wp-json\/wp\/v2\/types\/page"}],"author":[{"embeddable":true,"href":"https:\/\/www.orangerent.fi\/index.php\/wp-json\/wp\/v2\/users\/1"}],"replies":[{"embeddable":true,"href":"https:\/\/www.orangerent.fi\/index.php\/wp-json\/wp\/v2\/comments?post=468"}],"version-history":[{"count":7,"href":"https:\/\/www.orangerent.fi\/index.php\/wp-json\/wp\/v2\/pages\/468\/revisions"}],"predecessor-version":[{"id":925,"href":"https:\/\/www.orangerent.fi\/index.php\/wp-json\/wp\/v2\/pages\/468\/revisions\/925"}],"wp:attachment":[{"href":"https:\/\/www.orangerent.fi\/index.php\/wp-json\/wp\/v2\/media?parent=468"}],"curies":[{"name":"wp","href":"https:\/\/api.w.org\/{rel}","templated":true}]}}