{"id":368,"date":"2022-12-07T18:11:05","date_gmt":"2022-12-07T18:11:05","guid":{"rendered":"https:\/\/www.orangerent.fi\/?page_id=368"},"modified":"2026-02-10T14:05:34","modified_gmt":"2026-02-10T14:05:34","slug":"vuokrausehdot","status":"publish","type":"page","link":"https:\/\/www.orangerent.fi\/index.php\/vuokrausehdot\/","title":{"rendered":"Vuokrausehdot"},"content":{"rendered":"\n<p>Vuokrausehdot<\/p>\n\n\n\n<p>Vuokraamalla SUP -laudat Orangerentilt\u00e4 p\u00e4\u00e4set kokemaan kes\u00e4isen luonnon ihanuudet vesilt\u00e4 k\u00e4sin! Vuokraaminen on my\u00f6s kest\u00e4v\u00e4n kehityksen mukaista toimintaa \u2013 kaikkea ei tarvitse omistaa itse. Vuokraamme hyv\u00e4ksi toteamiamme SUP-lautoja ja vuokraushinnat m\u00e4\u00e4r\u00e4ytyv\u00e4t k\u00e4ytt\u00f6ajan mukaan. Hinnat sis\u00e4lt\u00e4v\u00e4t alv. 25,5 %.<\/p>\n\n\n\n<p><br>Vuokrahintaan sis\u00e4ltyy karkuremmi, s\u00e4\u00e4dett\u00e4v\u00e4 mela sek\u00e4 opastus varusteiden k\u00e4ytt\u00f6\u00f6n. SUP-lautojen nouto- ja palautuspaikka on K\u00e4\u00e4rmelahdessa, tarvittaessa toimitamme tuotteet Sinulle erillist\u00e4 korvausta vastaan. SUP-lautoja on rajallinen m\u00e4\u00e4r\u00e4, joten tiedustelethan varusteiden saatavuuden hyviss\u00e4 ajoin etuk\u00e4teen.<\/p>\n\n\n\n<p><strong>Vuokrausehdot<\/strong><\/p>\n\n\n\n<p><em>Ehdot p\u00e4ivitetty: 4.6.2024<\/em><\/p>\n\n\n\n<p>N\u00e4m\u00e4 vuokrausehdot koskevat yrityksen Orangerent (Y-tunnus 2169919-9) toimintaa. Asiakas sitoutuu noudattamaan n\u00e4it\u00e4 ehtoja vuokratessaan Orangerent.fi -sivustolla olevia vuokrav\u00e4lineit\u00e4. Alla esitetyt ehdot tulevat kumpaakin osapuolta sitoviksi ja velvoittaviksi, kun asiakas on tehnyt palvelun tilauksen \/ suorittanut sopimusehdoissa mainitun maksun.<\/p>\n\n\n\n<p><strong>Varusteiden vuokraus<\/strong><\/p>\n\n\n\n<p>Asiakas noutaa ja palauttaa vuokraamansa varusteet sovittuna ajankohtana Orangerentin tiloista K\u00e4\u00e4rmelahdesta. Erillisest\u00e4 sopimuksesta voimme kuljettaa vuokrakaluston asiakkaalle erillist\u00e4 korvausta vastaan. Varusteiden noudon yhteydess\u00e4 vuokrauksesta laaditaan kirjallinen sopimus ja vuokrattavien varusteiden kunto tarkastetaan yhdess\u00e4 asiakkaan kanssa.<\/p>\n\n\n\n<p>Asiakas maksaa v\u00e4lineiden vuokran noutohetkell\u00e4 kulloinkin voimassa olevan hinnaston mukaisesti k\u00e4teisell\u00e4, tilisiirrolla, epassi, Smartum, Edenred -hyvinvointiedulla tai MobilePaylla.<\/p>\n\n\n\n<p>Asiakas sitoutuu tutustumaan varusteiden k\u00e4ytt\u00f6ohjeisiin ja noudattamaan niit\u00e4. Orangerentill\u00e4 on oikeus pyyt\u00e4\u00e4 asiakkaalta erillinen vuokrapantti, joka hyvitet\u00e4\u00e4n asiakkaalle vuokrav\u00e4lineiden palautuksen yhteydess\u00e4.<\/p>\n\n\n\n<p><strong>Vuokrakalustoa koskevat erityisehdot<\/strong><\/p>\n\n\n\n<p>Asiakkaan tulee tutustua v\u00e4lineist\u00f6n turva- ja k\u00e4ytt\u00f6ohjeeseen. Kalustoa tulee k\u00e4ytt\u00e4\u00e4 huolellisesti vain sille tarkoitettuun tavanomaiseen k\u00e4ytt\u00f6\u00f6n.<\/p>\n\n\n\n<p>SUP-laudoilla liikkuessa tulee v\u00e4ltt\u00e4\u00e4 kivi\u00e4, kivikkoisia rantoja, risukoita, ja liian matalia vesi\u00e4, sill\u00e4 ne vaurioittavat nopeasti SUP-lautojen pohjia sek\u00e4 pohjaevi\u00e4.<\/p>\n\n\n\n<p>Vuokrakalustoa ei saa vied\u00e4 maasta, eik\u00e4 vuokrata edelleen. Vuokrakalustoa saa k\u00e4ytt\u00e4\u00e4 ainoastaan ehtojen sallimassa laajuudessa ja ainoastaan k\u00e4ytt\u00e4j\u00e4n taitotasolle ja osaamiselle soveltuvissa suorituspaikoissa. Asiakas k\u00e4ytt\u00e4\u00e4 kaikkea kalustoa varusteineen aina omalla vastuullaan. Vuokraajan ei tule j\u00e4tt\u00e4\u00e4 v\u00e4lineit\u00e4 kohtuuttomanpitk\u00e4ksi aikaa ilman valvontaa.<\/p>\n\n\n\n<p>Asiakkaan tulee palauttaa kalusto v\u00e4litt\u00f6m\u00e4sti vuokra-ajan p\u00e4\u00e4ttyess\u00e4 sovittuun paikkaan samassa kunnossa kuin se oli vuokralle luovutettaessa. Asiakkaan on ilmoitettava viipym\u00e4tt\u00e4 Orangerentille, mik\u00e4li palautus viiv\u00e4styy.<\/p>\n\n\n\n<p>Sovitun vuokrausjakson ylitt\u00e4v\u00e4lt\u00e4 ajalta Orangerent veloittaa jokaiselta alkavalta vuorokaudelta kulloinkin voimassa olevan vuokraushinnaston mukaisen hinnan. Vuokraaja k\u00e4ytt\u00e4\u00e4 v\u00e4lineit\u00e4 omalla vastuullaan ja h\u00e4nen tulee huolehtia itse omista voimassa olevista vakuutuksistaan.<\/p>\n\n\n\n<p><strong>Vahinkojen korvaukset<br><\/strong><br>Asiakas on velvollinen korvaamaan vuokrakalustolle vuokra-aikana huolimattomasta tai virheellisest\u00e4 k\u00e4sittelyst\u00e4 aiheutuneet vahingot ja kustannukset. Asiakas on velvollinen korvaamaan vuokra-aikana rikkoutuneen, tuhoutuneen tai kadonneen kaluston sen vahingoittumisesta aiheutuneen vahingon k\u00e4yv\u00e4n arvon mukaan uushankinta-arvoon asti. Asiakas on velvollinen ilmoittamaan kaikista v\u00e4lineiss\u00e4 ilmenevist\u00e4 vioista Orangerentille v\u00e4litt\u00f6m\u00e4sti. Asiakas on vastuussa my\u00f6s muista kalustoa k\u00e4ytt\u00e4vist\u00e4 henkil\u00f6ist\u00e4 sek\u00e4 heid\u00e4n aiheuttamastaan vahingosta varauksen aikana.<\/p>\n\n\n\n<p>Orangerent vastaa kaluston normaalista kulumisesta aiheutuvista korjaustoimenpiteist\u00e4. Orangerent ei vastaa kaluston k\u00e4yt\u00f6st\u00e4 tai rikkoutumisesta asiakkaalle mahdollisesti aiheutuvista v\u00e4lillisist\u00e4 tai v\u00e4litt\u00f6mist\u00e4 kustannuksista tai vahingoista. Orangerent ei sitoudu toimittamaan rikkoutuneen vuokrauksen kohteen tilalle uutta laitetta, eik\u00e4 korvaamaan ty\u00f6n keskeytymisest\u00e4 aiheutuneita v\u00e4lillisi\u00e4 tai v\u00e4litt\u00f6mi\u00e4 kustannuksia.<\/p>\n\n\n\n<p>Orangerent ei korvaa luonnonolosuhteista, kuten hy\u00f6nteisist\u00e4, el\u00e4imist\u00e4, kelirikosta tai odottamattomista s\u00e4\u00e4nvaihteluista asiakkaalle mahdollisesti aiheutuvaa haittaa tai kuluja.<\/p>\n\n\n\n<p><strong>Peruutukset<\/strong>&nbsp;varauksista tulee tehd\u00e4 viimeist\u00e4\u00e4n 24&nbsp;h ennen vuokra-ajan alkamista s\u00e4hk\u00f6postilla tai puhelimella, jolloin mahdollinen etuk\u00e4teen maksettu vuokrahinta palautetaan, muussa tapauksessa varauksen mukainen maksu veloitetaan \/ tai ei suoriteta palautusta.<\/p>\n\n\n\n<p>Orangerent varaa oikeuden olla vuokraamatta kalustoa ilman selityksi\u00e4, jos vuokraaja ei vaikuta luotettavalta, vaikuttaa kykenem\u00e4tt\u00f6m\u00e4lt\u00e4 k\u00e4ytt\u00e4m\u00e4\u00e4n valineit\u00e4 tai huolehtimaan turvallisesti vuokrattavista tuotteista.<\/p>\n\n\n\n<p><strong>Vuokraajan<\/strong>&nbsp;nimi, allekirjoitus ja p\u00e4iv\u00e4m\u00e4\u00e4r\u00e4<\/p>\n\n\n\n<p>Osoite<\/p>\n\n\n\n<p>Puhelinnumero<\/p>\n\n\n\n<p><strong>Vuokranantaja<\/strong><\/p>\n\n\n\n<p>Orangerent 2169919-9<\/p>\n\n\n\n<p>Varpasaarentie 122, 71720 K\u00e4\u00e4rmelahti<\/p>\n\n\n\n<p>040 7157188<\/p>\n\n\n\n<p>minna.lehtonen@orangerent.fi<\/p>\n\n\n\n<p><\/p>\n\n\n\n<p><\/p>\n\n\n\n<p><\/p>\n","protected":false},"excerpt":{"rendered":"<p>Vuokrausehdot Vuokraamalla SUP -laudat Orangerentilt\u00e4 p\u00e4\u00e4set kokemaan kes\u00e4isen luonnon ihanuudet vesilt\u00e4 k\u00e4sin! Vuokraaminen on my\u00f6s kest\u00e4v\u00e4n kehityksen mukaista toimintaa \u2013 kaikkea ei tarvitse omistaa itse. Vuokraamme hyv\u00e4ksi toteamiamme SUP-lautoja ja vuokraushinnat m\u00e4\u00e4r\u00e4ytyv\u00e4t k\u00e4ytt\u00f6ajan mukaan. Hinnat sis\u00e4lt\u00e4v\u00e4t alv. 25,5 %. Vuokrahintaan &hellip; <\/p>\n","protected":false},"author":1,"featured_media":0,"parent":0,"menu_order":0,"comment_status":"closed","ping_status":"closed","template":"","meta":{"footnotes":""},"class_list":["post-368","page","type-page","status-publish","hentry"],"aioseo_notices":[],"_links":{"self":[{"href":"https:\/\/www.orangerent.fi\/index.php\/wp-json\/wp\/v2\/pages\/368","targetHints":{"allow":["GET"]}}],"collection":[{"href":"https:\/\/www.orangerent.fi\/index.php\/wp-json\/wp\/v2\/pages"}],"about":[{"href":"https:\/\/www.orangerent.fi\/index.php\/wp-json\/wp\/v2\/types\/page"}],"author":[{"embeddable":true,"href":"https:\/\/www.orangerent.fi\/index.php\/wp-json\/wp\/v2\/users\/1"}],"replies":[{"embeddable":true,"href":"https:\/\/www.orangerent.fi\/index.php\/wp-json\/wp\/v2\/comments?post=368"}],"version-history":[{"count":5,"href":"https:\/\/www.orangerent.fi\/index.php\/wp-json\/wp\/v2\/pages\/368\/revisions"}],"predecessor-version":[{"id":1185,"href":"https:\/\/www.orangerent.fi\/index.php\/wp-json\/wp\/v2\/pages\/368\/revisions\/1185"}],"wp:attachment":[{"href":"https:\/\/www.orangerent.fi\/index.php\/wp-json\/wp\/v2\/media?parent=368"}],"curies":[{"name":"wp","href":"https:\/\/api.w.org\/{rel}","templated":true}]}}